late the remainder when u is divided by v.
11
Suppose -5*i + 4*o - 253 = 0, i + 0*o = 4*o - 57. Let d = 83 + i. Calculate the remainder when d is divided by 14.
6
Let d(o) = 45*o**2 + 42*o + 18. Let r be d(6). Suppose -r = 9*t - 54*t. Calculate the remainder when t is divided by 32.
10
Let h(a) = -a**3 + a**2 - a - 1. Let y(z) = -4*z**3 - 3*z**2 - 12*z + 5. Let p(c) = -5*h(c) + y(c). What is the remainder when 55 is divided by p(9)?
27
Let m = 3 - 7. Let q be 244*m*(-1)/8. Suppose 2*c - r + 0*r = q, 4*c = r + 240. What is the remainder when c is divided by 16?
11
Let v(b) = 87*b - 1. Let n = -179 + 193. Suppose n*w - 7*w - 154 = 0. What is the remainder when v(1) is divided by w?
20
Let m(f) = 12*f**2 + 33*f + 168. Calculate the remainder when 617 is divided by m(-5).
11
What is the remainder when 484 is divided by (-4)/6 + 26094/234 + 2/13?
40
Let c(g) = 10*g - 4. Let w be c(5). Suppose -59 - w = -3*n. Let j(m) = 4*m**2 - m - 6. Calculate the remainder when j(-4) is divided by n.
27
Suppose 5*g - 5 = 5*l, 4*g + g = 4*l + 5. Suppose l = -5*f + 20, c - 4*f = 24 + 27. Let a = c + -57. Calculate the remainder when 17 is divided by a.
7
Suppose 0 = -154*z + 155*z - 4*v - 63, -3*v + 1 = 13. Let j = -65 + 95. Suppose -2*n + j + 2 = 0. Calculate the remainder when z is divided by n.
15
Suppose 40*m - 2977 - 4952 = 1951. What is the remainder when 367 is divided by m?
120
Suppose -u - 4*d + 62 = 0, 4*d + 115 = 3*u - 7. What is the remainder when u is divided by 27?
19
Let t(s) = -198*s + 1284. What is the remainder when t(6) is divided by 40?
16
Let h(f) = f - 14. Let k be h(0). Let t = 26 + k. What is the remainder when (2 + -1)*(-2 - 141/(-3)) is divided by t?
9
Let r(d) = 5*d**2 - 185*d + 1484. What is the remainder when 1288 is divided by r(8)?
316
Let x(v) be the second derivative of -v**5/20 - 2*v**3/3 - 9*v**2/2 + v + 49. What is the remainder when 285 is divided by x(-2)?
5
Calculate the remainder when 964 is divided by (352/6 + -5)*(-6)/(-2).
159
Let c = -4446 - -4582. Calculate the remainder when c is divided by 119.
17
What is the remainder when (36 + -75)/(1/((-8)/6)) is divided by 20/2 + 1 + 24/8?
10
Let j(t) = t**3 + 9*t**2 + 8*t + 32. Calculate the remainder when 608 is divided by j(-8).
0
Suppose 0 = -2*z - 3*x + 183 - 20, 0 = -x - 5. Suppose 3*v + 5*j + 38 = 285, 0 = v - 5*j - z. Calculate the remainder when v is divided by 45.
39
Let s be 9/(-2)*(-3 - 34/(-6)). Let k be (-38)/57 + (-2)/(s/46). Suppose -k*j + 3*j = 4*o - 64, 4*j - 4*o = 24. Calculate the remainder when 21 is divided by j.
10
Suppose -10*o + 48978 = -33090 + 22568. What is the remainder when o is divided by 96?
94
Let t(d) = 5*d**2 - 20*d - 2. Let q be t(9). Let s = q - 147. Suppose -2*u = -49 + 23. Calculate the remainder when s is divided by u.
11
Suppose -61*l = -65*l - 5*w + 1776, -2*w + 1776 = 4*l. Suppose 4*i + 8*i - l = 0. Calculate the remainder when 145 is divided by i.
34
Let n = -203 - -508. Calculate the remainder when n is divided by -4 + (-330)/(-80) + 2457/56.
41
Suppose -28*y - x + 107 = -26*y, 0 = 4*y - x - 211. Calculate the remainder when 1324 is divided by y.
52
Let d = -2859 + 3126. Calculate the remainder when d is divided by 5.
2
Suppose -4*i + 2*w + 576 = 0, 456 = 3*i - 4*w + 34. Calculate the remainder when 150 is divided by i.
4
Suppose -18*d = -12*d - 1602. Let j = d - 224. What is the remainder when j is divided by 9?
7
Let x(j) = -88. Let n(a) = a + 88. Let p(z) = -3*n(z) - 4*x(z). Let t be p(0). Suppose 83 = 9*m - t. Calculate the remainder when 30 is divided by m.
11
Suppose -13*k + 6507 + 1598 = -4362. What is the remainder when k is divided by 88?
79
Suppose 0 = 120*f + 1330 - 8650. What is the remainder when f is divided by 49?
12
Let x be 0/(3 + (-49)/7). Let d = 0 - -13. Calculate the remainder when (0 - x) + -4 - (-1 + -27) is divided by d.
11
Let h(u) = 5*u**2 + 6*u + 3. Let q be h(-2). Suppose q = 5*o + 6. Suppose 3*k = o - 16, 0 = 3*f - 4*k - 53. What is the remainder when 31 is divided by f?
9
Suppose 347*f + 171*f - 6702 = 119*f + 1278. What is the remainder when 1 - 0 - 68/(-2) is divided by f?
15
Let u be ((-6)/4)/(9250/1540 + -6). Let a(j) = -j**3 - j**2 + 10. Calculate the remainder when (-2695)/u*18/10 is divided by a(0).
1
Let x = 8553 - 8012. Calculate the remainder when x is divided by 73.
30
Suppose 2*u - 17 = -1. Let x = -7 - -37. Suppose 0 = -m + 3*k - 7*k + 30, m - x = 3*k. Calculate the remainder when m is divided by u.
6
Let t(h) = 2*h**2 - 189*h + 4124. Calculate the remainder when t(20) is divided by 278.
32
Suppose 5*d - q - 277 = -3*q, -d + 49 = 2*q. Let y = -150910 + 150975. What is the remainder when y is divided by d?
8
Suppose 6 = -3*o - 9, 4*y - 1 = o. Calculate the remainder when 16 is divided by 1*y - 160/(-40).
1
What is the remainder when 1070 is divided by 359 - (-16)/(-112)*21?
2
Let f = 88943 - 88928. Suppose -4*n + 7*n = 5*b + 25, -13 = -3*n - b. Calculate the remainder when f is divided by n.
0
Let n = 173 - 169. Suppose -n*i + 6 = -3*t + 58, 4*t = i + 78. Calculate the remainder when t is divided by 16.
4
Suppose 98 = 2*p - n, 3*p + 4*n - 181 = -12. Calculate the remainder when 5/(16/(384/20)) + 398 is divided by p.
47
Suppose 623 = -96*k + 748 + 931. Let f(u) = -u**2 + 20*u - 10. What is the remainder when f(8) is divided by k?
9
Suppose -3*t + 660 + 72 = 0. Let f = t - 145. Let b(x) = x**2 + 13*x + 11. Calculate the remainder when f is divided by b(-14).
24
Suppose -140 = -5*o - 4*d, -3*d + 81 = 55*o - 52*o. What is the remainder when 136 is divided by o?
8
Suppose 11*w - 12*w + 37 = 0. Suppose -8 = 16*o - 14*o, 0 = -5*a - 5*o + 530. What is the remainder when a is divided by w?
36
Let g be 1701/15 + (-10)/25. Suppose -12*v - g + 749 = 0. Let b = 33 + -6. Calculate the remainder when v is divided by b.
26
Let s(b) = 19*b**3 - 6*b**2 + 6*b + 1. Let a be s(3). Let r = a - 403. What is the remainder when 199 is divided by r?
49
Let g(x) = x**3 + 2*x**2 - x - 1. Let p be g(1). Let r = p - -93. Suppose r = 6*l - 98. What is the remainder when 63 is divided by l?
31
Suppose 10*t = -t + 110. Let p = -11 - t. What is the remainder when (68/(-18))/((-10)/(-15))*p is divided by 40?
39
Suppose 0 = z + 2*j - 1073, -3826 - 490 = -4*z + 4*j. Calculate the remainder when z is divided by 30.
27
Let f(w) = -34*w - 16. Let y be f(-2). Suppose 4*n = -5*t + 128 + 6, -2*n + y = 2*t. What is the remainder when 174 is divided by t?
24
Suppose -52*n + 38000 = 37*n - 51*n. What is the remainder when n is divided by 81?
28
Let v(a) = -77*a + 104. Let n be v(8). Let q = n - -520. Suppose -32 = -p - 3*p. Calculate the remainder when q is divided by p.
0
Let g = 17 + 1. Suppose -3 = -3*v + 5*x + 146, 3 = 2*x - 1. What is the remainder when v is divided by g?
17
Let j(c) = -4*c**2 + 29*c + 136. Calculate the remainder when 193 is divided by j(10).
11
Let z = -77 - -76. Let a be 22/18 + z - 68/306. Suppose -2*y + 359 - 109 = a. What is the remainder when y is divided by 21?
20
Let o(p) = p - 2 + 16 - 9. Let s be o(-1). What is the remainder when 2/s + 875/14 is divided by 17?
12
Suppose n - 3*m + 43 = 3*n, -2*n = -5*m - 19. Suppose -284*q = -376*q + 11960. Calculate the remainder when q is divided by n.
11
Let p be ((-108)/45 - 10)*3*-5. Calculate the remainder when 371 is divided by (1*(-7)/21*p)/(-1).
61
Suppose 49 = -4*l + 2*k - 7*k, 0 = 3*l + 4*k + 38. Let n(w) = 3*w**2 + 23*w + 82. Calculate the remainder when 98 is divided by n(l).
46
Calculate the remainder when (3159/(-15))/(30/(-950)) is divided by 71.
66
Let k(g) = -g**3 - 13*g**2 - 26*g - 26. Let w = 209 + -220. What is the remainder when k(w) is divided by 4?
2
Let s = 44 - 37. Suppose 11*z - 64 = s*z. What is the remainder when 24 is divided by z?
8
Let z(k) = 3*k**2 + 18*k + 52. Let u = 235 - 244. What is the remainder when z(u) is divided by 9?
7
Calculate the remainder when -2*(-8 + -35*(-6 - -7)) is divided by 3.
2
Suppose -4*q = q - 225. Let f = 1625 - 1600. What is the remainder when f is divided by (1 - 2)/((-5)/q)?
7
Suppose -2*l = 5 - 11. Suppose 0 = l*m + 242 + 172. What is the remainder when (-8 - m) + -6 + 1 is divided by 18?
17
Let m = 4254 + -4234. Calculate the remainder when 3133 is divided by m.
13
Let w = 4 - -3. Suppose -11*r + 153 = -10